Let u = 2 + -8. Determine t(u).
7
Let h = 16 + -17. Let a be h/(((-18)/(-21))/6). Let g(d) = d**3 + 8*d**2 + 6*d - 1. Let z be g(a). Let m(s) = s**2 - 7*s - 8. What is m(z)?
-14
Let a(p) = p - 1. Let u be 0/(-1*(-1 + 4)). Suppose -24 = -6*d - u*d. Give a(d).
3
Let c(j) = 2*j - 8. Let o(d) = 38*d - 378. Let m be o(10). Calculate c(m).
-4
Let w(b) = -3*b**2 + 71*b + 19. Let j be (48/5)/(60/150). What is w(j)?
-5
Let k(w) = 8*w - 3. Suppose -5*x = 10 + 20. Let g(u) = -u - 9. Let m(h) = 2*h + 11. Let c(d) = -5*g(d) - 4*m(d). Let s(z) = x*k(z) - 17*c(z). Calculate s(-2).
-5
Let g(o) = o**3 - o**2 + 4. Let q be ((-64)/(-96))/((-2)/(-6)). Calculate g(q).
8
Suppose 3*v + 24*v + 189 = 0. Let x(b) = -b**2 - 2*b + 6. Give x(v).
-29
Let b = -18 - -20. Suppose 0 = -y - a - b, 4*y = -0*y - a + 4. Let q(w) = -2 + 0 + 1 + 9*w**y + 2*w**2 + w. What is q(1)?
11
Let w(s) = -2*s + 4*s**2 - 6*s**2 + s**3 - 5 + 4. Suppose -12*d = 2*d - 2142. Let f = d + -154. Calculate w(f).
-2
Let w(i) = i + 6. Let y be w(-5). Suppose -l - 12 + 31 = 0. Let a(v) = -y + l + 2*v - 11. Determine a(-6).
-5
Let c(u) = -3*u**2 - 5*u - 5. Let p(m) = 5*m + 5*m**2 + 8 + 6*m - 4*m. Let n(j) = -8*c(j) - 5*p(j). What is n(4)?
4
Let s be -5 + -1 - 3*(-15)/(-9). Let p(m) = 11*m**2 - 9*m + m**3 + 9 + 1 + 10*m. Give p(s).
-1
Let n(o) be the first derivative of -5*o**3/3 - 3*o**2/2 + 4*o - 29. Let s(v) = -5*v**2 - 4*v + 5. Let i(l) = -4*n(l) + 3*s(l). Calculate i(1).
4
Let k(d) = d**3 + 3*d**2 - 1. Let b be -5 + 1/(1/2). Let x be (-3)/(2/(10/b)). Suppose q + x*q + 18 = 0. Calculate k(q).
-1
Let r(t) = 2*t + 7. Let y = 1147 + -1137. Determine r(y).
27
Let z = 66 - 63. Let t(a) = a - 26 + 11 + 11 + z. Give t(-7).
-8
Suppose 3 - 15 = 4*u. Let o(q) = 52*q**2 + 49*q**2 + q - 99*q**2 - 1 - 1. Determine o(u).
13
Let v = 595 - 592. Let y(x) = 3*x**2 - x - 1. Give y(v).
23
Let n(d) = -4*d + 43. Let t be n(13). Let g(q) = -2*q - 23. Calculate g(t).
-5
Let o(z) be the third derivative of 0 - 1/6*z**4 + z**3 + 0*z + 1/60*z**5 + 7*z**2. Calculate o(4).
6
Let u be 3 + -1 - (-6 + 2). Suppose 9*g - 21 = u*g. Let y(c) = -g*c - 3*c + 8*c + c - 1. What is y(-4)?
3
Let x(w) be the second derivative of -1/2*w**2 + 1/12*w**4 - 1/3*w**3 + 0 + 8*w. Let k(u) = u**2 - u. Let h be k(2). What is x(h)?
-1
Suppose -4*u + 3*f - 2*f - 7 = 0, 5*u - f = -8. Let z(y) = -3*y - 9. Calculate z(u).
-6
Suppose -3*m = -0*m - 9. Suppose -c + 8 = m*c. Let s(i) = i**3 - c*i**2 - 4*i - 2 + 0 + 0 + 4. Give s(3).
-1
Let d(l) = -l**3 + 12*l**2 - 11*l + 7. Suppose 582*p - 588*p = -66. Determine d(p).
7
Let c(h) = h**3 - 2*h + 2. Suppose -16*x + 103 = 39. Give c(x).
58
Let g be (6/15)/((-4)/(-80)). Let v be 6/g - (-46)/(-8). Let x(b) = -b**2 - 5*b - 1. Calculate x(v).
-1
Let p(o) = o**2 - o. Let v(g) = 5*g**2 - g - 4. Let d(z) = -6*p(z) + v(z). Let h be d(4). Let j(n) = -n - 9. What is j(h)?
-9
Let c(j) = 131396*j + 2 - 131395*j - 4 + 3. Suppose -6 + 1 = -5*q. What is c(q)?
2
Let j(s) = 2*s + 10*s**2 + 1 + 4*s - 6*s + s**2. Give j(-1).
12
Let q(f) = f**3 - 3*f**2 - 2*f. Let v be -2*8/(-2) - 4. Calculate q(v).
8
Suppose -159 + 185 = 13*m. Let r(n) = 3*n - 5. What is r(m)?
1
Let t(v) = -4*v + 13. Suppose 1323 - 1347 = -6*j. Give t(j).
-3
Let d(n) = -1027*n + 516*n + 510*n - 7. Determine d(9).
-16
Let t(n) = -3*n + 13. Let v be t(8). Let l(j) = -2*j - 6. Determine l(v).
16
Let s(l) = l + 4. Let f = -103 + 115. What is s(f)?
16
Let r be 30/(-8) + 1/(-4). Suppose -4*y - 96 = -100. Let p(c) = 5*c + 20*c + y - 26*c. What is p(r)?
5
Let q(x) = 16*x + 21. Let l be q(-1). Let r(h) = -2*h + 13. Determine r(l).
3
Let m be (25/15 - 3)/((-2)/(-3)). Let x(y) = -y**3 - y**2 + 2*y - 1. Give x(m).
-1
Let r(s) = -s**3 - s**2 - 7*s - 1. Let t(c) = c**3 + c**2 + 8*c + 1. Let d(b) = -7*r(b) - 6*t(b). Suppose -5*k - 24 = -19. Calculate d(k).
0
Let w(x) = -4*x + 19*x - x**3 - 7*x - 7*x. Determine w(0).
0
Let h(g) = 0*g**2 - 1 + g**2 + g + 0*g**2 + 3*g**3. Suppose 0 = -2*u - 0*u + b + 64, 68 = 2*u - 2*b. Let r = u - 29. Calculate h(r).
4
Let i be (2/4)/((-2)/(-8)). Suppose -2*g + 80 = 5*h, 7 - 32 = -5*g. Let p(l) = -5*l + h*l - 31 + 16 + 14. Calculate p(i).
17
Suppose 2*f + 4 = -2. Let q(y) = -150*y**2 + y**3 + 2 + 302*y**2 - 149*y**2 - 2*y + 4*y. What is q(f)?
-4
Let a(b) = -4 - 2*b - 6*b**2 + 176*b**3 - 177*b**3 - 4*b. Determine a(-5).
1
Let d(o) = o**2 - o - 4. Let m(f) = 2*f**2 + 5*f**2 + 4*f**2 - 3 - 10*f**2. Let j(p) = 2*d(p) - 3*m(p). What is j(1)?
-2
Let l(z) = 4*z**3 - 7*z + 9. Let a = -5 + 2. Let o(n) = -5*n**3 - n**2 + 8*n - 10. Let u(j) = a*o(j) - 4*l(j). Calculate u(4).
-6
Let p be 1/3 + (-174)/(-18). Suppose -p = 3*q - 4*c, -3*q + 4*q = -2*c - 10. Let b be q*((-8)/12)/2. Let x(f) = -f**3 + 2*f**2 - 3*f. Calculate x(b).
-6
Let c(b) = -4 - b - 2 - 1 + 6. Let f(u) = -5*u + 2. Let p be f(-1). Suppose -p*s + 5*s + 8 = 0. Determine c(s).
-5
Let i(h) = 9*h + 2*h + 1 + 5*h - 12*h - 2*h. Let q(t) = -t**3 - 4*t**2 - 3*t - 2. Let y = 2 + -5. Let j be q(y). Calculate i(j).
-3
Let o be 3/(12/16) - 0. Let g(v) = -o*v**2 + v**2 + 2*v**2 - 3*v + 4*v. Let n be (-69)/21 - 4/(-14). Determine g(n).
-12
Suppose 0 = -4*a - 4*o + 16, 3*a = 5*o - 3 - 9. Let u(g) = a + 0*g - 2*g - g + g. Determine u(6).
-11
Let b(w) be the second derivative of 7*w**3/6 - 3*w**2/2 + 4*w. Suppose h + y = 5, -3*h - 2*y = h - 26. Let p = 10 - h. Calculate b(p).
11
Let b be (-48)/(-18)*(21/6 - 2). Let g(n) = 8*n + 1. Give g(b).
33
Let q(w) be the first derivative of 8 + w + 1/2*w**2 + w**3. Calculate q(-1).
3
Suppose 4 + 2 = 3*c - 3*s, 4*c - 9 = 3*s. Suppose 5*t + 2*d - 7 = 0, 0*t - 3*d = -c*t + 21. Let q(x) = 2*x**2. Determine q(t).
18
Let z(a) = a**3 + 2*a**2 + 2*a. Let x(j) be the third derivative of j**4/24 + j**3/6 - 14*j**2. Let y be x(-3). What is z(y)?
-4
Let s(u) = -u**3 - 5*u**2 - 2*u - 3. Let w be s(-5). Let d(x) = 17*x - 22. Let c be d(3). Let n(q) = 6 + 23*q**2 + 5*q + q**3 - c*q**2 - 13*q. What is n(w)?
-1
Let b(q) = q - 1. Let x(f) = -20*f - 8. Let h(a) = 7*a + 3. Let l(c) = 14*h(c) + 5*x(c). Let z(d) = 5*b(d) + 3*l(d). Give z(-7).
8
Let u(b) = b**3 + 2*b**3 + 10*b + 8 - 8*b**2 + 0*b**2 - 4*b**3. Let k(i) = -i**3 - 3*i - 9. Let c be k(0). Give u(c).
-1
Let q(f) = f + 5. Let z = -19 - -18. Let d = 21 + z. Suppose 2*h + 10 = -0, i + d = -5*h. Calculate q(i).
10
Let p = -88 + 92. Let u(w) = -4 + 2*w + 5 - p - 2. Give u(7).
9
Let i = -98 + 114. Suppose -4*p = 3*d - i, 5*p + 4*d = 2*d + 20. Let l(m) = -m**3 + 4*m**2 - 5. Calculate l(p).
-5
Let y(n) = -2*n - 3*n**2 - 11*n - 7 + 22 + 4*n**2 + 2. Calculate y(12).
5
Let r = -407/2 - -205. Let g(p) be the second derivative of -1/2*p**3 + 4*p + 0 + r*p**2. Calculate g(2).
-3
Let x(q) be the second derivative of 5*q**3/2 - q**2/2 + 8*q + 2. What is x(1)?
14
Suppose -3 = 8*z + 21. Let b(p) = -p**3 - p**2 + 2*p - 2. Give b(z).
10
Let b(y) = 2*y + 21. Let l(x) = 11*x - 2. Let j be l(-1). Let a be b(j). Let m(w) = w**2 + 3*w - 6. Calculate m(a).
4
Suppose 0*s - 4*s = -3*l - 41, 3*l = -3*s + 36. Suppose 5*y + a = -4*a + 10, -2*y + s = -5*a. Let w(v) = 7*v - y + 2 - 2*v + v**2. What is w(-4)?
-5
Let h(m) = 8 - 840*m - m**2 + 0 + 842*m. What is h(7)?
-27
Suppose 2*t - 16 = 2*j, -2*t + 2 = j - 17. Let o(q) = q**3 - 9*q**2 - 5*q + 8. Calculate o(t).
-37
Let b(j) = j**2 - 4*j - 1. Let g be b(4). Let n(i) = -2*i + 4. Let y(w) = -1. Let q(d) = 2*d - 7. Let m be q(3). Let u(s) = m*n(s) - 4*y(s). Give u(g).
-2
Let x(v) = -v**3 + 17*v**2 - 31*v + 8. Suppose -29*t + 95 + 340 = 0. Calculate x(t).
-7
Let q(d) = d**2 - 2*d - 3. Let c(v) = -v**2 + 11*v + 10. Let n be c(11). Suppose -13*r + n*r = 0. Suppose r = -2*y + 8, -h + 4*y + 8 - 20 = 0. Give q(h).
5
Suppose 317 - 11 = 18*g. Let z(a) = 11*a**2 + 7*a**2 + 0 + 14*a**3 + 7 - 20*a. Let p(f) = 5*f**3 + 6*f**2 - 7*f + 2. Let r(y) = g*p(y) - 6*z(y). What is r(6)?
-2
Let p = 30 - 22. Suppose -n + p = j + 3, 3*j - 11 = n. Let s(h) = 2*h**2 - 5*h + 2. Determine s(j).
14
Suppose -146*k + 145*k = 3. Let w(u) = -u**3 - 2*u**2 + 5*u + 7. Calculate w(k).
1
Let y(b) be the second derivative of -b**6/120 + b**5/120 - 7*b**4/12 + 19*b. Let m(v) be the third derivative of y(v). Give m(-1).
7
Let c(r) = r**2 - 2*r**2 + 512*r + 2*r**2 - 1015*r + 26 + 502*r. What is c(0)?
26
Let i(w) = w**3 + 4*w**2 + w - 4. Let v(t) = t**3 + 3*t**2